ue
Is 9272409997 composite?
True
Is 79789672409 composite?
False
Is 7485616033 composite?
True
Is 4197068609 prime?
False
Is 3333333337 composite?
True
Is 176472319 a composite number?
True
Is 1773506653 a prime number?
True
Is 6844864721 a prime number?
True
Is 18389992469 composite?
True
Is 4444686577 a prime number?
True
Is 8754767233 a prime number?
True
Is 9733539529 prime?
False
Is 244887492617 prime?
False
Is 2647717669 composite?
True
Is 1883187321 prime?
False
Is 767113513 a composite number?
False
Is 1238159017 a prime number?
True
Is 516632189 prime?
True
Is 80954931947 composite?
False
Is 104535864163 a prime number?
True
Is 61799631043 a prime number?
True
Is 532341907 composite?
False
Is 39102409 prime?
True
Is 1459367137 prime?
False
Is 29475672029 composite?
False
Is 1083594557 a composite number?
False
Is 6679520347 a composite number?
True
Is 437356223 a prime number?
False
Is 87887576827 a composite number?
False
Is 85998207263 composite?
False
Is 19788601879 composite?
False
Is 24408293179 composite?
True
Is 143381261 a composite number?
False
Is 7787285497 prime?
True
Is 888773707 composite?
True
Is 1011723959 a prime number?
True
Is 409462379 a prime number?
True
Is 27058458143 composite?
False
Is 33340573303 composite?
True
Is 987357757 composite?
False
Is 170426813 a prime number?
True
Is 177136261 a composite number?
False
Is 20657832463 a prime number?
False
Is 248417412247 composite?
False
Is 2081562419 a composite number?
False
Is 2566734811 prime?
False
Is 1239775291 a composite number?
True
Is 192234875515 composite?
True
Is 163524703 a composite number?
True
Is 90224249123 composite?
True
Is 41636389877 a composite number?
False
Is 318661361 a composite number?
False
Is 1474398721 composite?
True
Is 2021650351 a prime number?
False
Is 37170342707 a prime number?
False
Is 6071983991 prime?
True
Is 134883571 composite?
True
Is 263539811 a composite number?
False
Is 36362328311 a composite number?
False
Is 2283714031 a composite number?
True
Is 1215457079 composite?
True
Is 41610377 a composite number?
True
Is 9761946715 a composite number?
True
Is 24206531 prime?
False
Is 38897582587 a prime number?
True
Is 1601200841 a composite number?
True
Is 927345677 composite?
True
Is 472687931 a prime number?
False
Is 1821416327 composite?
False
Is 5785686983 composite?
False
Is 4672780883 prime?
True
Is 563924345 prime?
False
Is 1739660443 a prime number?
True
Is 731930593 a prime number?
True
Is 18259523407 composite?
True
Is 2517802793 a prime number?
False
Is 39703720387 prime?
False
Is 506044697 a prime number?
True
Is 819225949 prime?
False
Is 77995028299 composite?
False
Is 131922173 a prime number?
False
Is 26976468523 composite?
False
Is 1439781977 composite?
False
Is 3200778853 composite?
True
Is 599989549 composite?
False
Is 6334636661 a prime number?
True
Is 4016346739 composite?
True
Is 19409574857 a prime number?
False
Is 757242779 composite?
True
Is 6436473413 composite?
True
Is 3986799917 a prime number?
True
Is 8756684369 prime?
True
Is 63835160743 composite?
True
Is 96389197427 a prime number?
True
Is 806866037 a composite number?
True
Is 1016081519 composite?
False
Is 8199047413 a prime number?
True
Is 1164553087 a composite number?
True
Is 11904872797 a composite number?
True
Is 859761199 prime?
False
Is 6195151819 a composite number?
True
Is 25332268649 composite?
True
Is 26514033589 composite?
False
Is 6827702933 a composite number?
True
Is 3504242179 composite?
False
Is 64453770929 prime?
False
Is 1788825641 a prime number?
True
Is 342240458563 a prime number?
True
Is 21771912587 prime?
False
Is 7254468866 a composite number?
True
Is 37050383 a prime number?
True
Is 2089882667 composite?
False
Is 338400883 composite?
True
Is 13097774717 composite?
False
Is 4611916787 a composite number?
False
Is 5304464903 prime?
True
Is 873145613 a composite number?
True
Is 3235180679 a composite number?
False
Is 3213551305 composite?
True
Is 7232650303 a prime number?
True
Is 75803225783 a composite number?
True
Is 10381867097 prime?
False
Is 2503414547 prime?
True
Is 2074788473 a composite number?
False
Is 7848183371 composite?
True
Is 56871104429 a prime number?
True
Is 7837397431 composite?
True
Is 3093309431 composite?
True
Is 6929505707 prime?
False
Is 236066561 prime?
False
Is 83802633401 a prime number?
False
Is 35074999711 composite?
False
Is 1931756119 a prime number?
True
Is 26772530009 a prime number?
False
Is 7872737981 prime?
True
Is 2884564069 prime?
True
Is 947145989 prime?
False
Is 80579827495 a prime number?
False
Is 501222661 a composite number?
False
Is 4001202523 composite?
True
Is 151497571 a prime number?
False
Is 3816579059 a composite number?
False
Is 1216571939 composite?
True
Is 1518402471 a prime number?
False
Is 1019032933 composite?
True
Is 4173271723 composite?
False
Is 1120188037 composite?
False
Is 58406049899 a composite number?
False
Is 263974099 a composite number?
True
Is 2560437727 a prime number?
False
Is 1546150409 composite?
True
Is 2386221923 a composite number?
True
Is 12962478367 prime?
True
Is 6803138939 a composite number?
True
Is 886900771 composite?
True
Is 8894677463 composite?
True
Is 36123265259 a composite number?
False
Is 415934077 a prime number?
False
Is 230145305083 a prime number?
False
Is 19761013527 prime?
False
Is 15397064099 prime?
False
Is 351980063 a composite number?
True
Is 45172665581 a composite number?
False
Is 152895198635 composite?
True
Is 1279655309 composite?
True
Is 5704101547 prime?
True
Is 20512151441 a prime number?
True
Is 5806075439 composite?
False
Is 35688975901 composite?
True
Is 5830598669 composite?
True
Is 1422020341 prime?
False
Is 1572777359 composite?
False
Is 670479179 prime?
False
Is 1553778049 composite?
False
Is 73354733021 a prime number?
False
Is 29393412791 a composite number?
False
Is 7260199195 prime?
False
Is 1786953687 a composite number?
True
Is 39445460677 a composite number?
True
Is 17556563753 a composite number?
False
Is 1070179003 a composite number?
True
Is 2896927001 a composite number?
True
Is 2062691249 a composite number?
True
Is 104044243 a prime number?
True
Is 1609155377 composite?
True
Is 316129837 a composite number?
False
Is 873775711 a prime number?
False
Is 15536470657 composite?
False
Is 62869538257 prime?
True
Is 537032731 a prime number?
False
Is 40967409577 a prime number?
True
Is 17456761565 a composite number?
True
Is 54031777 prime?
True
Is 247444667 a composite number?
False
Is 19818376181 composite?
False
Is 10441032377 a composite number?
False
Is 4035995461 composite?
True
Is 4596281113 prime?
True
Is 44733970643 a composite number?
False
Is 1359693399 a composite number?
True
Is 24343467737 composite?
False
Is 79968563 prime?
True
Is 8679625399 prime?
False
Is 7544196787 prime?
False
Is 61871980153 composite?
True
Is 8917994341 a composite number?
False
Is 12631121633 a prime number?
False
Is 307368083 composite?
True
Is 8438008861 prime?
True
Is 16732909603 prime?
True
Is 18972258413 prime?
True
Is 1973511097 composite?
True
Is 45706955473 composite?
False
Is 16296609809 a prime number?
True
Is 826683967 a composite number?
False
Is 835330967 a composite number?
False
Is 9146618918 composite?
True
Is 749871151 prime?
True
Is 39462733 composite?
True
Is 2591132699 composite?
True
Is 4455612907 composite?
True
Is 11149843631 a composite number?
False
Is 5426242417 a prime number?
False
Is 304611539 a prime number?
False
Is 7687219679 prime?
True
Is 1695050011 a prime number?
True
Is 7822015037 a composite number?
False
Is 331783051 a composite number?
False
Is 34711810951 composite?
False
Is 4287323473 prime?
True
Is 767085623 composite?
True
Is 530627519 a composite number?
False
Is 120673271 prime?
False
Is 66876539 prime?
False
Is 20396037857 composite?
True
Is 136127513 a composite number?
False
Is 2347309991 prime?
False
Is 5266222211 a composite number?
False
Is 21311613533 a prime number?
False
Is 650880179 prime?
True
Is 586851323 a prime number?
False
Is 70931148027 prime?
False
Is 1249650943 a prime number?
False
Is 89366071 prime?
True
Is 44249415139 a composite number?
True
Is 4632940877 a prime number?
False
Is 2888112809 a prime number?
True
Is 33325458611 a composite numb